{"id":2369,"date":"2021-06-03T06:13:34","date_gmt":"2021-06-03T06:13:34","guid":{"rendered":"http:\/\/tegarmobel.com\/tegardlf\/?page_id=2369"},"modified":"2021-06-30T07:43:07","modified_gmt":"2021-06-30T07:43:07","slug":"qbnext_new_06","status":"publish","type":"page","link":"https:\/\/tegarmobel.com\/tegardlf\/qbnext_new_06\/","title":{"rendered":"QBnext_new_06"},"content":{"rendered":"\t\t<div data-elementor-type=\"wp-page\" data-elementor-id=\"2369\" class=\"elementor elementor-2369\">\n\t\t\t\t\t\t<section class=\"elementor-section elementor-top-section elementor-element elementor-element-18954cf elementor-section-boxed elementor-section-height-default elementor-section-height-default\" data-id=\"18954cf\" data-element_type=\"section\" data-e-type=\"section\">\n\t\t\t\t\t\t<div class=\"elementor-container elementor-column-gap-default\">\n\t\t\t\t\t<div class=\"elementor-column elementor-col-50 elementor-top-column elementor-element elementor-element-88d3771\" data-id=\"88d3771\" data-element_type=\"column\" data-e-type=\"column\">\n\t\t\t<div class=\"elementor-widget-wrap elementor-element-populated\">\n\t\t\t\t\t\t<div class=\"elementor-element elementor-element-0a31c1d elementor-widget elementor-widget-image\" data-id=\"0a31c1d\" data-element_type=\"widget\" data-e-type=\"widget\" data-widget_type=\"image.default\">\n\t\t\t\t<div class=\"elementor-widget-container\">\n\t\t\t\t\t\t\t\t\t\t\t\t\t\t\t\t<a href=\"http:\/\/tegarmobel.com\/tegardlf\/wp-content\/uploads\/2021\/06\/QNN_06_FR_tancat_FINAL.jpg\" data-elementor-open-lightbox=\"yes\" data-e-action-hash=\"#elementor-action%3Aaction%3Dlightbox%26settings%3DeyJpZCI6MjM3MiwidXJsIjoiaHR0cHM6XC9cL3RlZ2FybW9iZWwuY29tXC90ZWdhcmRsZlwvd3AtY29udGVudFwvdXBsb2Fkc1wvMjAyMVwvMDZcL1FOTl8wNl9GUl90YW5jYXRfRklOQUwuanBnIn0%3D\">\n\t\t\t\t\t\t\t<img fetchpriority=\"high\" decoding=\"async\" width=\"1024\" height=\"770\" src=\"https:\/\/tegarmobel.com\/tegardlf\/wp-content\/uploads\/2021\/06\/QNN_06_FR_tancat_FINAL-1024x770.jpg\" class=\"attachment-large size-large wp-image-2372\" alt=\"\" srcset=\"https:\/\/tegarmobel.com\/tegardlf\/wp-content\/uploads\/2021\/06\/QNN_06_FR_tancat_FINAL-1024x770.jpg 1024w, https:\/\/tegarmobel.com\/tegardlf\/wp-content\/uploads\/2021\/06\/QNN_06_FR_tancat_FINAL-400x300.jpg 400w, https:\/\/tegarmobel.com\/tegardlf\/wp-content\/uploads\/2021\/06\/QNN_06_FR_tancat_FINAL-768x577.jpg 768w, https:\/\/tegarmobel.com\/tegardlf\/wp-content\/uploads\/2021\/06\/QNN_06_FR_tancat_FINAL-1536x1155.jpg 1536w, https:\/\/tegarmobel.com\/tegardlf\/wp-content\/uploads\/2021\/06\/QNN_06_FR_tancat_FINAL-2048x1540.jpg 2048w\" sizes=\"(max-width: 1024px) 100vw, 1024px\" \/>\t\t\t\t\t\t\t\t<\/a>\n\t\t\t\t\t\t\t\t\t\t\t\t\t\t\t<\/div>\n\t\t\t\t<\/div>\n\t\t\t\t<div class=\"elementor-element elementor-element-8ba740f elementor-widget elementor-widget-image\" data-id=\"8ba740f\" data-element_type=\"widget\" data-e-type=\"widget\" data-widget_type=\"image.default\">\n\t\t\t\t<div class=\"elementor-widget-container\">\n\t\t\t\t\t\t\t\t\t\t\t\t\t\t\t\t<a href=\"http:\/\/tegarmobel.com\/tegardlf\/wp-content\/uploads\/2021\/06\/QNN_06_FR_obert_FINAL.jpg\" data-elementor-open-lightbox=\"yes\" data-e-action-hash=\"#elementor-action%3Aaction%3Dlightbox%26settings%3DeyJpZCI6MjM3MywidXJsIjoiaHR0cHM6XC9cL3RlZ2FybW9iZWwuY29tXC90ZWdhcmRsZlwvd3AtY29udGVudFwvdXBsb2Fkc1wvMjAyMVwvMDZcL1FOTl8wNl9GUl9vYmVydF9GSU5BTC5qcGcifQ%3D%3D\">\n\t\t\t\t\t\t\t<img decoding=\"async\" width=\"1024\" height=\"770\" src=\"https:\/\/tegarmobel.com\/tegardlf\/wp-content\/uploads\/2021\/06\/QNN_06_FR_obert_FINAL-1024x770.jpg\" class=\"attachment-large size-large wp-image-2373\" alt=\"\" srcset=\"https:\/\/tegarmobel.com\/tegardlf\/wp-content\/uploads\/2021\/06\/QNN_06_FR_obert_FINAL-1024x770.jpg 1024w, https:\/\/tegarmobel.com\/tegardlf\/wp-content\/uploads\/2021\/06\/QNN_06_FR_obert_FINAL-400x300.jpg 400w, https:\/\/tegarmobel.com\/tegardlf\/wp-content\/uploads\/2021\/06\/QNN_06_FR_obert_FINAL-768x577.jpg 768w, https:\/\/tegarmobel.com\/tegardlf\/wp-content\/uploads\/2021\/06\/QNN_06_FR_obert_FINAL-1536x1155.jpg 1536w, https:\/\/tegarmobel.com\/tegardlf\/wp-content\/uploads\/2021\/06\/QNN_06_FR_obert_FINAL-2048x1540.jpg 2048w\" sizes=\"(max-width: 1024px) 100vw, 1024px\" \/>\t\t\t\t\t\t\t\t<\/a>\n\t\t\t\t\t\t\t\t\t\t\t\t\t\t\t<\/div>\n\t\t\t\t<\/div>\n\t\t\t\t\t<\/div>\n\t\t<\/div>\n\t\t\t\t<div class=\"elementor-column elementor-col-50 elementor-top-column elementor-element elementor-element-63ba95e\" data-id=\"63ba95e\" data-element_type=\"column\" data-e-type=\"column\" data-settings=\"{&quot;background_background&quot;:&quot;classic&quot;}\">\n\t\t\t<div class=\"elementor-widget-wrap elementor-element-populated\">\n\t\t\t\t\t\t<div class=\"elementor-element elementor-element-844a236 elementor-widget elementor-widget-text-editor\" data-id=\"844a236\" data-element_type=\"widget\" data-e-type=\"widget\" data-widget_type=\"text-editor.default\">\n\t\t\t\t<div class=\"elementor-widget-container\">\n\t\t\t\t\t\t\t\t\t<h1><span style=\"font-family: gotham-light; font-size: 24pt;\">QBnext NEW 06<\/span><\/h1><h3>Conjunto TREN + arc\u00f3n mesa deslizante<\/h3><h5><span style=\"font-family: gotham-light;\">blanco mate, roble crack<\/span><\/h5><p><span style=\"font-size: 12pt;\">medidas: 350 x 177,8 x 100<\/span><\/p><div><span style=\"font-family: gotham-light;\">\u00a0<\/span><\/div>\t\t\t\t\t\t\t\t<\/div>\n\t\t\t\t<\/div>\n\t\t\t\t<div class=\"elementor-element elementor-element-133a323 elementor-widget elementor-widget-text-editor\" data-id=\"133a323\" data-element_type=\"widget\" data-e-type=\"widget\" data-widget_type=\"text-editor.default\">\n\t\t\t\t<div class=\"elementor-widget-container\">\n\t\t\t\t\t\t\t\t\t<p><span style=\"font-size: 14pt;\">Composici\u00f3n tipo TREN con la que tendremos cubiertas las prestaciones b\u00e1sicas necesarias en un dormitorio juvenil. Por un lado disponemos de un armario de 1 puerta con mucha capacidad por su profundidad de 100 cm, un m\u00f3dulo Block con 4 cajones de 80 cm de fondo + un terminal con funci\u00f3n de librer\u00eda. Con el conjunto Tren D2 y el compacto de 2 cajones disfrutaremos de dos camas en diferentes alturas. Y, finalmente, un arc\u00f3n mesa deslizante con estantes extra\u00edbles completar\u00e1 la funci\u00f3n de escritorio.<\/span><br \/><br \/><\/p>\t\t\t\t\t\t\t\t<\/div>\n\t\t\t\t<\/div>\n\t\t\t\t\t<\/div>\n\t\t<\/div>\n\t\t\t\t\t<\/div>\n\t\t<\/section>\n\t\t\t\t<section class=\"elementor-section elementor-top-section elementor-element elementor-element-927f469 elementor-section-boxed elementor-section-height-default elementor-section-height-default\" data-id=\"927f469\" data-element_type=\"section\" data-e-type=\"section\">\n\t\t\t\t\t\t<div class=\"elementor-container elementor-column-gap-default\">\n\t\t\t\t\t<div class=\"elementor-column elementor-col-50 elementor-top-column elementor-element elementor-element-8f309d4\" data-id=\"8f309d4\" data-element_type=\"column\" data-e-type=\"column\">\n\t\t\t<div class=\"elementor-widget-wrap elementor-element-populated\">\n\t\t\t\t\t\t<div class=\"elementor-element elementor-element-1472a6f elementor-widget elementor-widget-image\" data-id=\"1472a6f\" data-element_type=\"widget\" data-e-type=\"widget\" data-widget_type=\"image.default\">\n\t\t\t\t<div class=\"elementor-widget-container\">\n\t\t\t\t\t\t\t\t\t\t\t\t\t\t\t\t<a href=\"http:\/\/tegarmobel.com\/tegardlf\/wp-content\/uploads\/2021\/06\/QNN_06_estanteria3.jpg\" data-elementor-open-lightbox=\"yes\" data-e-action-hash=\"#elementor-action%3Aaction%3Dlightbox%26settings%3DeyJpZCI6MjM3NCwidXJsIjoiaHR0cHM6XC9cL3RlZ2FybW9iZWwuY29tXC90ZWdhcmRsZlwvd3AtY29udGVudFwvdXBsb2Fkc1wvMjAyMVwvMDZcL1FOTl8wNl9lc3RhbnRlcmlhMy5qcGcifQ%3D%3D\">\n\t\t\t\t\t\t\t<img decoding=\"async\" width=\"1024\" height=\"1024\" src=\"https:\/\/tegarmobel.com\/tegardlf\/wp-content\/uploads\/2021\/06\/QNN_06_estanteria3-1024x1024.jpg\" class=\"attachment-large size-large wp-image-2374\" alt=\"\" srcset=\"https:\/\/tegarmobel.com\/tegardlf\/wp-content\/uploads\/2021\/06\/QNN_06_estanteria3-1024x1024.jpg 1024w, https:\/\/tegarmobel.com\/tegardlf\/wp-content\/uploads\/2021\/06\/QNN_06_estanteria3-300x300.jpg 300w, https:\/\/tegarmobel.com\/tegardlf\/wp-content\/uploads\/2021\/06\/QNN_06_estanteria3-768x768.jpg 768w, https:\/\/tegarmobel.com\/tegardlf\/wp-content\/uploads\/2021\/06\/QNN_06_estanteria3.jpg 1200w\" sizes=\"(max-width: 1024px) 100vw, 1024px\" \/>\t\t\t\t\t\t\t\t<\/a>\n\t\t\t\t\t\t\t\t\t\t\t\t\t\t\t<\/div>\n\t\t\t\t<\/div>\n\t\t\t\t\t<\/div>\n\t\t<\/div>\n\t\t\t\t<div class=\"elementor-column elementor-col-50 elementor-top-column elementor-element elementor-element-69f072e\" data-id=\"69f072e\" data-element_type=\"column\" data-e-type=\"column\">\n\t\t\t<div class=\"elementor-widget-wrap elementor-element-populated\">\n\t\t\t\t\t\t<div class=\"elementor-element elementor-element-ef644f7 elementor-widget elementor-widget-image\" data-id=\"ef644f7\" data-element_type=\"widget\" data-e-type=\"widget\" data-widget_type=\"image.default\">\n\t\t\t\t<div class=\"elementor-widget-container\">\n\t\t\t\t\t\t\t\t\t\t\t\t\t\t\t\t<a href=\"http:\/\/tegarmobel.com\/tegardlf\/wp-content\/uploads\/2021\/06\/QNN_06_escritorio3.jpg\" data-elementor-open-lightbox=\"yes\" data-e-action-hash=\"#elementor-action%3Aaction%3Dlightbox%26settings%3DeyJpZCI6MjM3NSwidXJsIjoiaHR0cHM6XC9cL3RlZ2FybW9iZWwuY29tXC90ZWdhcmRsZlwvd3AtY29udGVudFwvdXBsb2Fkc1wvMjAyMVwvMDZcL1FOTl8wNl9lc2NyaXRvcmlvMy5qcGcifQ%3D%3D\">\n\t\t\t\t\t\t\t<img loading=\"lazy\" decoding=\"async\" width=\"1024\" height=\"1024\" src=\"https:\/\/tegarmobel.com\/tegardlf\/wp-content\/uploads\/2021\/06\/QNN_06_escritorio3-1024x1024.jpg\" class=\"attachment-large size-large wp-image-2375\" alt=\"\" srcset=\"https:\/\/tegarmobel.com\/tegardlf\/wp-content\/uploads\/2021\/06\/QNN_06_escritorio3-1024x1024.jpg 1024w, https:\/\/tegarmobel.com\/tegardlf\/wp-content\/uploads\/2021\/06\/QNN_06_escritorio3-300x300.jpg 300w, https:\/\/tegarmobel.com\/tegardlf\/wp-content\/uploads\/2021\/06\/QNN_06_escritorio3-768x768.jpg 768w, https:\/\/tegarmobel.com\/tegardlf\/wp-content\/uploads\/2021\/06\/QNN_06_escritorio3.jpg 1200w\" sizes=\"(max-width: 1024px) 100vw, 1024px\" \/>\t\t\t\t\t\t\t\t<\/a>\n\t\t\t\t\t\t\t\t\t\t\t\t\t\t\t<\/div>\n\t\t\t\t<\/div>\n\t\t\t\t\t<\/div>\n\t\t<\/div>\n\t\t\t\t\t<\/div>\n\t\t<\/section>\n\t\t\t\t<section class=\"elementor-section elementor-top-section elementor-element elementor-element-bbda2d7 elementor-section-boxed elementor-section-height-default elementor-section-height-default\" data-id=\"bbda2d7\" data-element_type=\"section\" data-e-type=\"section\">\n\t\t\t\t\t\t<div class=\"elementor-container elementor-column-gap-default\">\n\t\t\t\t\t<div class=\"elementor-column elementor-col-100 elementor-top-column elementor-element elementor-element-b4517a9\" data-id=\"b4517a9\" data-element_type=\"column\" data-e-type=\"column\">\n\t\t\t<div class=\"elementor-widget-wrap elementor-element-populated\">\n\t\t\t\t\t\t<div class=\"elementor-element elementor-element-aaa6b76 elementor-widget elementor-widget-spacer\" data-id=\"aaa6b76\" data-element_type=\"widget\" data-e-type=\"widget\" data-widget_type=\"spacer.default\">\n\t\t\t\t<div class=\"elementor-widget-container\">\n\t\t\t\t\t\t\t<div class=\"elementor-spacer\">\n\t\t\t<div class=\"elementor-spacer-inner\"><\/div>\n\t\t<\/div>\n\t\t\t\t\t\t<\/div>\n\t\t\t\t<\/div>\n\t\t\t\t\t<\/div>\n\t\t<\/div>\n\t\t\t\t\t<\/div>\n\t\t<\/section>\n\t\t\t\t<\/div>\n\t\t","protected":false},"excerpt":{"rendered":"<p>QBnext NEW 06 Conjunto TREN + arc\u00f3n mesa deslizante blanco mate, roble crack medidas: 350 x 177,8 x 100 \u00a0 Composici\u00f3n tipo TREN con la que tendremos cubiertas las prestaciones b\u00e1sicas necesarias en un dormitorio juvenil. Por un lado disponemos de un armario de 1 puerta con mucha capacidad por su profundidad de 100 cm, [&hellip;]<\/p>\n","protected":false},"author":1,"featured_media":0,"parent":0,"menu_order":0,"comment_status":"closed","ping_status":"closed","template":"","meta":{"ocean_post_layout":"","ocean_both_sidebars_style":"","ocean_both_sidebars_content_width":0,"ocean_both_sidebars_sidebars_width":0,"ocean_sidebar":"0","ocean_second_sidebar":"0","ocean_disable_margins":"enable","ocean_add_body_class":"","ocean_shortcode_before_top_bar":"","ocean_shortcode_after_top_bar":"","ocean_shortcode_before_header":"","ocean_shortcode_after_header":"","ocean_has_shortcode":"","ocean_shortcode_after_title":"","ocean_shortcode_before_footer_widgets":"","ocean_shortcode_after_footer_widgets":"","ocean_shortcode_before_footer_bottom":"","ocean_shortcode_after_footer_bottom":"","ocean_display_top_bar":"default","ocean_display_header":"default","ocean_header_style":"","ocean_center_header_left_menu":"0","ocean_custom_header_template":"0","ocean_custom_logo":0,"ocean_custom_retina_logo":0,"ocean_custom_logo_max_width":0,"ocean_custom_logo_tablet_max_width":0,"ocean_custom_logo_mobile_max_width":0,"ocean_custom_logo_max_height":0,"ocean_custom_logo_tablet_max_height":0,"ocean_custom_logo_mobile_max_height":0,"ocean_header_custom_menu":"0","ocean_menu_typo_font_family":"0","ocean_menu_typo_font_subset":"","ocean_menu_typo_font_size":0,"ocean_menu_typo_font_size_tablet":0,"ocean_menu_typo_font_size_mobile":0,"ocean_menu_typo_font_size_unit":"px","ocean_menu_typo_font_weight":"","ocean_menu_typo_font_weight_tablet":"","ocean_menu_typo_font_weight_mobile":"","ocean_menu_typo_transform":"","ocean_menu_typo_transform_tablet":"","ocean_menu_typo_transform_mobile":"","ocean_menu_typo_line_height":0,"ocean_menu_typo_line_height_tablet":0,"ocean_menu_typo_line_height_mobile":0,"ocean_menu_typo_line_height_unit":"","ocean_menu_typo_spacing":0,"ocean_menu_typo_spacing_tablet":0,"ocean_menu_typo_spacing_mobile":0,"ocean_menu_typo_spacing_unit":"","ocean_menu_link_color":"","ocean_menu_link_color_hover":"","ocean_menu_link_color_active":"","ocean_menu_link_background":"","ocean_menu_link_hover_background":"","ocean_menu_link_active_background":"","ocean_menu_social_links_bg":"","ocean_menu_social_hover_links_bg":"","ocean_menu_social_links_color":"","ocean_menu_social_hover_links_color":"","ocean_disable_title":"default","ocean_disable_heading":"default","ocean_post_title":"","ocean_post_subheading":"","ocean_post_title_style":"","ocean_post_title_background_color":"","ocean_post_title_background":0,"ocean_post_title_bg_image_position":"","ocean_post_title_bg_image_attachment":"","ocean_post_title_bg_image_repeat":"","ocean_post_title_bg_image_size":"","ocean_post_title_height":0,"ocean_post_title_bg_overlay":0.5,"ocean_post_title_bg_overlay_color":"","ocean_disable_breadcrumbs":"default","ocean_breadcrumbs_color":"","ocean_breadcrumbs_separator_color":"","ocean_breadcrumbs_links_color":"","ocean_breadcrumbs_links_hover_color":"","ocean_display_footer_widgets":"default","ocean_display_footer_bottom":"default","ocean_custom_footer_template":"0","footnotes":""},"class_list":["post-2369","page","type-page","status-publish","hentry","entry"],"yoast_head":"<!-- This site is optimized with the Yoast SEO plugin v27.3 - https:\/\/yoast.com\/product\/yoast-seo-wordpress\/ -->\n<title>QBnext_new_06 - Tegar Daily Life Furniture<\/title>\n<meta name=\"robots\" content=\"index, follow, max-snippet:-1, max-image-preview:large, max-video-preview:-1\" \/>\n<link rel=\"canonical\" href=\"https:\/\/tegarmobel.com\/tegardlf\/qbnext_new_06\/\" \/>\n<meta property=\"og:locale\" content=\"es_ES\" \/>\n<meta property=\"og:type\" content=\"article\" \/>\n<meta property=\"og:title\" content=\"QBnext_new_06 - Tegar Daily Life Furniture\" \/>\n<meta property=\"og:description\" content=\"QBnext NEW 06 Conjunto TREN + arc\u00f3n mesa deslizante blanco mate, roble crack medidas: 350 x 177,8 x 100 \u00a0 Composici\u00f3n tipo TREN con la que tendremos cubiertas las prestaciones b\u00e1sicas necesarias en un dormitorio juvenil. Por un lado disponemos de un armario de 1 puerta con mucha capacidad por su profundidad de 100 cm, [&hellip;]\" \/>\n<meta property=\"og:url\" content=\"https:\/\/tegarmobel.com\/tegardlf\/qbnext_new_06\/\" \/>\n<meta property=\"og:site_name\" content=\"Tegar Daily Life Furniture\" \/>\n<meta property=\"article:modified_time\" content=\"2021-06-30T07:43:07+00:00\" \/>\n<meta property=\"og:image\" content=\"http:\/\/tegarmobel.com\/tegardlf\/wp-content\/uploads\/2021\/06\/QNN_06_FR_tancat_FINAL-1024x770.jpg\" \/>\n<meta name=\"twitter:card\" content=\"summary_large_image\" \/>\n<meta name=\"twitter:label1\" content=\"Tiempo de lectura\" \/>\n\t<meta name=\"twitter:data1\" content=\"1 minuto\" \/>\n<script type=\"application\/ld+json\" class=\"yoast-schema-graph\">{\"@context\":\"https:\\\/\\\/schema.org\",\"@graph\":[{\"@type\":\"WebPage\",\"@id\":\"https:\\\/\\\/tegarmobel.com\\\/tegardlf\\\/qbnext_new_06\\\/\",\"url\":\"https:\\\/\\\/tegarmobel.com\\\/tegardlf\\\/qbnext_new_06\\\/\",\"name\":\"QBnext_new_06 - Tegar Daily Life Furniture\",\"isPartOf\":{\"@id\":\"https:\\\/\\\/tegarmobel.com\\\/tegardlf\\\/#website\"},\"primaryImageOfPage\":{\"@id\":\"https:\\\/\\\/tegarmobel.com\\\/tegardlf\\\/qbnext_new_06\\\/#primaryimage\"},\"image\":{\"@id\":\"https:\\\/\\\/tegarmobel.com\\\/tegardlf\\\/qbnext_new_06\\\/#primaryimage\"},\"thumbnailUrl\":\"http:\\\/\\\/tegarmobel.com\\\/tegardlf\\\/wp-content\\\/uploads\\\/2021\\\/06\\\/QNN_06_FR_tancat_FINAL-1024x770.jpg\",\"datePublished\":\"2021-06-03T06:13:34+00:00\",\"dateModified\":\"2021-06-30T07:43:07+00:00\",\"breadcrumb\":{\"@id\":\"https:\\\/\\\/tegarmobel.com\\\/tegardlf\\\/qbnext_new_06\\\/#breadcrumb\"},\"inLanguage\":\"es\",\"potentialAction\":[{\"@type\":\"ReadAction\",\"target\":[\"https:\\\/\\\/tegarmobel.com\\\/tegardlf\\\/qbnext_new_06\\\/\"]}]},{\"@type\":\"ImageObject\",\"inLanguage\":\"es\",\"@id\":\"https:\\\/\\\/tegarmobel.com\\\/tegardlf\\\/qbnext_new_06\\\/#primaryimage\",\"url\":\"http:\\\/\\\/tegarmobel.com\\\/tegardlf\\\/wp-content\\\/uploads\\\/2021\\\/06\\\/QNN_06_FR_tancat_FINAL-1024x770.jpg\",\"contentUrl\":\"http:\\\/\\\/tegarmobel.com\\\/tegardlf\\\/wp-content\\\/uploads\\\/2021\\\/06\\\/QNN_06_FR_tancat_FINAL-1024x770.jpg\"},{\"@type\":\"BreadcrumbList\",\"@id\":\"https:\\\/\\\/tegarmobel.com\\\/tegardlf\\\/qbnext_new_06\\\/#breadcrumb\",\"itemListElement\":[{\"@type\":\"ListItem\",\"position\":1,\"name\":\"Portada\",\"item\":\"https:\\\/\\\/tegarmobel.com\\\/tegardlf\\\/\"},{\"@type\":\"ListItem\",\"position\":2,\"name\":\"QBnext_new_06\"}]},{\"@type\":\"WebSite\",\"@id\":\"https:\\\/\\\/tegarmobel.com\\\/tegardlf\\\/#website\",\"url\":\"https:\\\/\\\/tegarmobel.com\\\/tegardlf\\\/\",\"name\":\"Tegar Daily Life Furniture\",\"description\":\"Tegar Daily Life Furniture\",\"publisher\":{\"@id\":\"https:\\\/\\\/tegarmobel.com\\\/tegardlf\\\/#organization\"},\"potentialAction\":[{\"@type\":\"SearchAction\",\"target\":{\"@type\":\"EntryPoint\",\"urlTemplate\":\"https:\\\/\\\/tegarmobel.com\\\/tegardlf\\\/?s={search_term_string}\"},\"query-input\":{\"@type\":\"PropertyValueSpecification\",\"valueRequired\":true,\"valueName\":\"search_term_string\"}}],\"inLanguage\":\"es\"},{\"@type\":\"Organization\",\"@id\":\"https:\\\/\\\/tegarmobel.com\\\/tegardlf\\\/#organization\",\"name\":\"Tegar Daily Life Furniture\",\"url\":\"https:\\\/\\\/tegarmobel.com\\\/tegardlf\\\/\",\"logo\":{\"@type\":\"ImageObject\",\"inLanguage\":\"es\",\"@id\":\"https:\\\/\\\/tegarmobel.com\\\/tegardlf\\\/#\\\/schema\\\/logo\\\/image\\\/\",\"url\":\"https:\\\/\\\/tegarmobel.com\\\/tegardlf\\\/wp-content\\\/uploads\\\/2021\\\/09\\\/Logo-tegar-web8.png\",\"contentUrl\":\"https:\\\/\\\/tegarmobel.com\\\/tegardlf\\\/wp-content\\\/uploads\\\/2021\\\/09\\\/Logo-tegar-web8.png\",\"width\":1000,\"height\":162,\"caption\":\"Tegar Daily Life Furniture\"},\"image\":{\"@id\":\"https:\\\/\\\/tegarmobel.com\\\/tegardlf\\\/#\\\/schema\\\/logo\\\/image\\\/\"}}]}<\/script>\n<!-- \/ Yoast SEO plugin. -->","yoast_head_json":{"title":"QBnext_new_06 - Tegar Daily Life Furniture","robots":{"index":"index","follow":"follow","max-snippet":"max-snippet:-1","max-image-preview":"max-image-preview:large","max-video-preview":"max-video-preview:-1"},"canonical":"https:\/\/tegarmobel.com\/tegardlf\/qbnext_new_06\/","og_locale":"es_ES","og_type":"article","og_title":"QBnext_new_06 - Tegar Daily Life Furniture","og_description":"QBnext NEW 06 Conjunto TREN + arc\u00f3n mesa deslizante blanco mate, roble crack medidas: 350 x 177,8 x 100 \u00a0 Composici\u00f3n tipo TREN con la que tendremos cubiertas las prestaciones b\u00e1sicas necesarias en un dormitorio juvenil. Por un lado disponemos de un armario de 1 puerta con mucha capacidad por su profundidad de 100 cm, [&hellip;]","og_url":"https:\/\/tegarmobel.com\/tegardlf\/qbnext_new_06\/","og_site_name":"Tegar Daily Life Furniture","article_modified_time":"2021-06-30T07:43:07+00:00","og_image":[{"url":"http:\/\/tegarmobel.com\/tegardlf\/wp-content\/uploads\/2021\/06\/QNN_06_FR_tancat_FINAL-1024x770.jpg","type":"","width":"","height":""}],"twitter_card":"summary_large_image","twitter_misc":{"Tiempo de lectura":"1 minuto"},"schema":{"@context":"https:\/\/schema.org","@graph":[{"@type":"WebPage","@id":"https:\/\/tegarmobel.com\/tegardlf\/qbnext_new_06\/","url":"https:\/\/tegarmobel.com\/tegardlf\/qbnext_new_06\/","name":"QBnext_new_06 - Tegar Daily Life Furniture","isPartOf":{"@id":"https:\/\/tegarmobel.com\/tegardlf\/#website"},"primaryImageOfPage":{"@id":"https:\/\/tegarmobel.com\/tegardlf\/qbnext_new_06\/#primaryimage"},"image":{"@id":"https:\/\/tegarmobel.com\/tegardlf\/qbnext_new_06\/#primaryimage"},"thumbnailUrl":"http:\/\/tegarmobel.com\/tegardlf\/wp-content\/uploads\/2021\/06\/QNN_06_FR_tancat_FINAL-1024x770.jpg","datePublished":"2021-06-03T06:13:34+00:00","dateModified":"2021-06-30T07:43:07+00:00","breadcrumb":{"@id":"https:\/\/tegarmobel.com\/tegardlf\/qbnext_new_06\/#breadcrumb"},"inLanguage":"es","potentialAction":[{"@type":"ReadAction","target":["https:\/\/tegarmobel.com\/tegardlf\/qbnext_new_06\/"]}]},{"@type":"ImageObject","inLanguage":"es","@id":"https:\/\/tegarmobel.com\/tegardlf\/qbnext_new_06\/#primaryimage","url":"http:\/\/tegarmobel.com\/tegardlf\/wp-content\/uploads\/2021\/06\/QNN_06_FR_tancat_FINAL-1024x770.jpg","contentUrl":"http:\/\/tegarmobel.com\/tegardlf\/wp-content\/uploads\/2021\/06\/QNN_06_FR_tancat_FINAL-1024x770.jpg"},{"@type":"BreadcrumbList","@id":"https:\/\/tegarmobel.com\/tegardlf\/qbnext_new_06\/#breadcrumb","itemListElement":[{"@type":"ListItem","position":1,"name":"Portada","item":"https:\/\/tegarmobel.com\/tegardlf\/"},{"@type":"ListItem","position":2,"name":"QBnext_new_06"}]},{"@type":"WebSite","@id":"https:\/\/tegarmobel.com\/tegardlf\/#website","url":"https:\/\/tegarmobel.com\/tegardlf\/","name":"Tegar Daily Life Furniture","description":"Tegar Daily Life Furniture","publisher":{"@id":"https:\/\/tegarmobel.com\/tegardlf\/#organization"},"potentialAction":[{"@type":"SearchAction","target":{"@type":"EntryPoint","urlTemplate":"https:\/\/tegarmobel.com\/tegardlf\/?s={search_term_string}"},"query-input":{"@type":"PropertyValueSpecification","valueRequired":true,"valueName":"search_term_string"}}],"inLanguage":"es"},{"@type":"Organization","@id":"https:\/\/tegarmobel.com\/tegardlf\/#organization","name":"Tegar Daily Life Furniture","url":"https:\/\/tegarmobel.com\/tegardlf\/","logo":{"@type":"ImageObject","inLanguage":"es","@id":"https:\/\/tegarmobel.com\/tegardlf\/#\/schema\/logo\/image\/","url":"https:\/\/tegarmobel.com\/tegardlf\/wp-content\/uploads\/2021\/09\/Logo-tegar-web8.png","contentUrl":"https:\/\/tegarmobel.com\/tegardlf\/wp-content\/uploads\/2021\/09\/Logo-tegar-web8.png","width":1000,"height":162,"caption":"Tegar Daily Life Furniture"},"image":{"@id":"https:\/\/tegarmobel.com\/tegardlf\/#\/schema\/logo\/image\/"}}]}},"_links":{"self":[{"href":"https:\/\/tegarmobel.com\/tegardlf\/wp-json\/wp\/v2\/pages\/2369","targetHints":{"allow":["GET"]}}],"collection":[{"href":"https:\/\/tegarmobel.com\/tegardlf\/wp-json\/wp\/v2\/pages"}],"about":[{"href":"https:\/\/tegarmobel.com\/tegardlf\/wp-json\/wp\/v2\/types\/page"}],"author":[{"embeddable":true,"href":"https:\/\/tegarmobel.com\/tegardlf\/wp-json\/wp\/v2\/users\/1"}],"replies":[{"embeddable":true,"href":"https:\/\/tegarmobel.com\/tegardlf\/wp-json\/wp\/v2\/comments?post=2369"}],"version-history":[{"count":41,"href":"https:\/\/tegarmobel.com\/tegardlf\/wp-json\/wp\/v2\/pages\/2369\/revisions"}],"predecessor-version":[{"id":2571,"href":"https:\/\/tegarmobel.com\/tegardlf\/wp-json\/wp\/v2\/pages\/2369\/revisions\/2571"}],"wp:attachment":[{"href":"https:\/\/tegarmobel.com\/tegardlf\/wp-json\/wp\/v2\/media?parent=2369"}],"curies":[{"name":"wp","href":"https:\/\/api.w.org\/{rel}","templated":true}]}}